ermine d(i).
0
Let p(g) = -3*g**3 + 2*g**2 - g - 3. Let a = 2270 - 2271. Calculate p(a).
3
Suppose 14 = 2*g, 3*g + 8 = -3*i + 2*g. Let s(t) = -6*t - 6. What is s(i)?
24
Let w(u) = -3*u**2 - 3*u. Let y = 64 + -62. Suppose 5*l - 2 = -2*b, 0 = 5*b - 4*l - y - 3. Suppose 0 = 3*k - k - 3*h - 11, h = 3*k + b. Determine w(k).
-6
Let d(q) = q**3 - 10*q**2 + 7*q + 11. Let l be 2/(-2)*(-7 - 11). Suppose 42*w - 216 = l*w. Determine d(w).
-7
Let c(o) = 9*o + 40. Let y(u) = -18*u + 1. Let d(x) = c(x) + y(x). Determine d(3).
14
Let k(u) = -13*u**2 - u. Let q(s) = 44*s - 45*s + s**2 + 5 - 13. Let r be q(4). Suppose 0 = -r*f - 5*f - 9. Determine k(f).
-12
Let b(j) = 16*j - 106. Let l(g) = -193*g - 1731. Let y be l(-9). Give b(y).
-10
Let z(s) = s**2 - s + 1. Suppose -21*j = -45*j - 96. Let u(n) = 5*n**2 + 4*n + 1. Let m(q) = q - 4. Let k be m(5). Let c(a) = j*z(a) + k*u(a). What is c(-7)?
-10
Suppose 3*d + 5*p - 11 = 0, -5*d + 31 = 12*p - 10*p. Let h(c) = -2*c**3 - c**2 + 8*c + 0*c**3 + d*c - 16*c - c**2. Let o = -2 + 1. Determine h(o).
1
Suppose 10*s - 27 = 53. Suppose 0 = 2*p - x + 5*x - s, x - 2 = 0. Let v(c) = -c**3 + c**2 + c - 4. Give v(p).
-4
Let i(j) = 10*j + 304 + 2*j**2 - 132 - j**2 - 186. Calculate i(-10).
-14
Let d(i) = i**3 + 3*i**2 + 1. Let z(j) = j**2 - 19 + 7 + 0*j**2. Let r be z(-6). Suppose -r = 7*o - 3*o - 4*b, 0 = -5*o - 2*b - 2. Determine d(o).
5
Let f be ((-21)/(-14))/((-1)/(3 + -1)). Let v(c) = -8*c + 4. Give v(f).
28
Let o(j) = 3*j**3 + 4*j**2 - 14*j + 1. Let r be o(-3). Let u(i) = 11*i + 7. What is u(r)?
-15
Let f(b) = 13*b + 9. Let h(c) = -1 - 5 + 2 - 6*c. Let v(l) = 2*f(l) + 5*h(l). Let z be 240/(-45)*(-3)/(-4). What is v(z)?
14
Let t(w) = -25*w - 24*w - 24*w + 2*w**2 - 6 + 68*w. Determine t(5).
19
Let x(l) be the third derivative of l**6/120 + 31*l**5/60 + 29*l**4/12 + l**3 + 2104*l**2. Determine x(-29).
6
Let l(o) be the first derivative of o**3/3 + 11*o**2/2 - 9*o + 94. Determine l(-13).
17
Let u(r) be the third derivative of r**4/12 + 11*r**3/3 + 5*r**2. Let h be u(24). Let q = h + -73. Let c(i) = -i**3 - 2*i**2 - 2*i - 3. Give c(q).
12
Let p(q) = 22*q**3 + 241*q**2 + 41*q - 140. Let b(l) = 3*l**3 + 32*l**2 + 6*l - 20. Let f(u) = 15*b(u) - 2*p(u). Calculate f(2).
-4
Let q(o) = -25*o**3 - 8*o**2 + 13. Let r(n) = 17*n**3 + 5*n**2 - 8. Let m(f) = -f**3 - 4*f**2 + 34*f - 3. Let l be m(4). Let z(v) = l*q(v) + 8*r(v). Give z(-1).
-10
Let m = -1926 + 1898. Let h(g) = -g**2 - 29*g - 58. Calculate h(m).
-30
Let h = 95 + -84. Let s(k) = 6 + 10*k - h*k + 2*k + 0*k. Let x(d) = -d**3 + 7*d**2 - 3*d + 15. Let z be x(7). Calculate s(z).
0
Let m(w) = 8*w + 2. Let d(u) = u**3 - 5*u**2 - 11*u - 22. Let g = 477 - 470. Let n be d(g). Calculate m(n).
-6
Let u(l) = -l**3 - 6*l**2 + 3. Suppose -2264*j + 2257*j - 42 = 0. Give u(j).
3
Let r(q) = 7*q - 4. Suppose 15 = -l - 3*x, -7*l + 4*x = -3*l + 12. Let j(p) = 6*p - 4. Let m(h) = l*j(h) + 5*r(h). What is m(-4)?
8
Let r(i) = 417*i - 9 - 209*i + 5 - 204*i. Determine r(7).
24
Let u(k) be the first derivative of -k**4/4 - 25*k**3/3 + 29*k**2/2 + 35*k + 4433. What is u(-26)?
-43
Let p(v) = -v**3 - 9*v**2 + 21*v - 20. Suppose 8*r - 7*r = 2*u + 25, 2*r - 28 = 2*u. Determine p(u).
-9
Let f(q) = -q**3 + q**2 - q - 1. Let l(o) = -5*o**3 + 13*o**2 - 13*o - 3. Let s(m) = 6*f(m) - l(m). Let k = -94690 + 94682. Determine s(k).
5
Let a(m) = 17*m + 43 + 7*m - 6*m - 41 + 37*m. What is a(1)?
57
Let p(d) be the first derivative of d**4/4 + 7*d**3/3 + d**2 - 20*d - 530. Give p(-6).
4
Let v(o) = -o**2 + 2*o - 2. Let w be 12/18*(-24)/(-4). Suppose 4*n - w = 3*r, -10 = 2*r - 2*n + 3*n. Determine v(r).
-26
Let g be (-7)/((-1)/(-1)) + (377 - 381). Let t(b) = b**2 + 8*b - 45. Determine t(g).
-12
Let u(s) = 2*s**2 + 4*s. Let p(h) = 7*h**2 - 10*h - 33. Let r be p(9). Let y = -447 + r. Determine u(y).
6
Let a(h) = -3837*h + 12 + 957*h + h**2 + 957*h + 959*h + 956*h. Suppose 5 = -l - 5*v, -7*v + 3*v + 2 = 2*l. Determine a(l).
-3
Let i(l) = 3*l - 6*l + l**2 + 7247 + l**3 - 7366 + 2*l. Calculate i(0).
-119
Let h be 3 - 45*4/36. Let d(a) = 5*a**2 + 13*a + 28. Give d(h).
22
Let o(v) = -v**2 - 7*v + 13. Let j(z) = z**2 - 2*z. Let k(i) = -j(i) + o(i). Calculate k(0).
13
Let d(z) = z**3 + 26*z**2 - 25*z + 57. Let b be d(-27). Let i(m) = b - m - 3 - 4 + 1. Calculate i(-4).
1
Let w(h) be the second derivative of h**4/12 + h**3/6 - 3*h**2/2 - 20*h. Let q = -3 - -84. Let s = q + -77. Calculate w(s).
17
Suppose 0 = 2*r + r + 18. Let n(u) = u - 8. Let o(j) = -10*j - 9. Let z(k) = 11*k + 1. Let b(a) = -3*o(a) - 3*z(a). Let i(m) = r*b(m) - 17*n(m). Calculate i(6).
-2
Let l(a) = 2*a**2 + 25*a + 18. Suppose 2*r = 5*i - 2, 10*i - 7*i - 32 = 4*r. Let v be l(r). Let u(o) = -o**3 - 14*o**2 + 13*o - 32. Determine u(v).
-2
Suppose -6 = -s - 5, -2*s - 694 = 4*z. Let c = -177 - z. Let a(q) be the third derivative of -q**5/60 - q**4/12 + q**3/2 - 2*q**2. Calculate a(c).
0
Let j(v) = v**2 + 12*v + 23. Let s = 28082 + -28088. What is j(s)?
-13
Let r(m) be the third derivative of 0 - 1/6*m**4 + 0*m - 82*m**2 - 7/6*m**3. Calculate r(5).
-27
Let t(v) be the third derivative of -v**5/30 + v**4/12 + 2*v**3/3 + v**2. Let s(d) = -321*d - 5781. Let m be s(-18). Calculate t(m).
-20
Let b(x) be the first derivative of 57 + x**2 - 4/3*x**3 + x. Give b(-1).
-5
Let a(w) = w - 2*w - 6 + 11331*w**2 - 11335*w**2. Calculate a(-4).
-66
Let f(u) be the second derivative of u**5/20 + 11*u**4/6 + 10*u**3/3 - 19*u**2/2 - 3*u - 156. Calculate f(-21).
2
Let y be (-10)/45*-1*18. Suppose -5*k - 3*j = -29 - 45, -2*k + 38 = y*j. Let w(g) = k - 3*g + 7*g - g - 2*g. Determine w(-9).
4
Let y(s) = 1466*s**2 + 37 - 1474*s**2 - 38 + 7*s. Give y(4).
-101
Let n(u) = 4*u - 1. Suppose 3*g + 2 = -r, -9*g + 11*g = -4. Suppose -19 = p + r*w, p - 3*w + w - 11 = 0. Calculate n(p).
3
Let k(f) be the third derivative of -f**4/4 + 5*f**3/3 - 322*f**2. Determine k(-5).
40
Suppose 280 - 254 = 132*o + 950. Let u(h) = -h**3 - 6*h**2 + 11*h - 2. Determine u(o).
-30
Let a(y) = -4*y - 9. Let i = -149 - -143. Determine a(i).
15
Let j(q) = 25*q - 14 - 28*q - 10 - 4 - 10*q. What is j(-8)?
76
Let r(j) = -j**2 + 9*j + 9. Let c(d) = 13*d**2 - 586*d + 40. Let a be c(45). Determine r(a).
-61
Let v(k) be the second derivative of -1/3*k**3 - 1/20*k**5 - 5/2*k**2 - 5*k + 9 + 1/3*k**4. Determine v(4).
-13
Let i be -4*(-3)/(-2) + 0/3. Let a(t) = -2*t**2 + t**2 - 44 - 2*t**2 + 5*t**2 + 13*t + 53. Give a(i).
3
Let g be 1/4 - 868/(-112). Suppose -g*k + 32 = -3*v - 6*k, 8 = -2*v - 2*k. Let n(c) = -c. Give n(v).
8
Let l(q) = -q - 3. Let b be ((-10)/(-15))/(8/72). Suppose 0 = -2*t - b, -2*i + i - t = -1. Give l(i).
-7
Let w(p) = 2*p + 14. Let o(d) = -d. Let b(v) = -3*o(v) - w(v). Suppose 5*s - 48 = 2. What is b(s)?
-4
Let n(q) = 11*q - 1. Let y be n(-8). Let r = -85 - y. Let p(v) = -4*v. Let t(s) = -5*s - 1. Let u(d) = r*p(d) - 3*t(d). Give u(0).
3
Let h(w) = -5*w + 2. Let z = 48 - 47. Suppose 0 = -8*y + 7*y + t - z, y + 4*t - 24 = 0. Determine h(y).
-18
Let d(p) = 2*p - 1 - 4*p**2 + 9*p**2 - 6. Let t(g) = -51*g - 4. Let i be t(0). Let f(x) = -x**2 - x. Let m(n) = i*f(n) - d(n). Determine m(5).
-8
Let z(m) be the second derivative of m**4/12 + 2*m**3/3 - m**2 - 3*m. Let o be 5/(-4)*(-5 + (6 - 9)). Let q be (-15)/3 + 10/o. Determine z(q).
-2
Let s = -59115 + 113158. Let r(n) = -1 - s*n + 54041*n - 4. What is r(-2)?
-1
Let q(u) = u**3 + 6*u**2 + 4*u - 2. Suppose -3*b + 453 = 4*a + 444, -a + 26 = -4*b. Determine q(b).
3
Suppose s - 39*u = -44*u + 19, 5*s - 14 = 2*u. Let x(v) = 5*v**3 + 12*v**2 - v + 5. Let t(l) = l**3 + l**2 + 1. Let a(w) = 6*t(w) - x(w). Determine a(s).
-27
Let r(m) = m**2 + 2*m - 13. Let k be r(3). Let v(g) = -155 - 3*g**2 + 8*g + 162 + 2*g**k. Give v(8).
7
Suppose -27*z + 22*z = -25. Suppose 2*u = z*f - 14, 0 = 6*f - f + 5*u. Let w(n) = 448*n**2 - 4*n - 2*n - 447*n**f. What is w(5)?
-5
Suppose s = 4*l + 2, 5*s - 14 = -4*l + 44. Let h(j) be the third derivative of 0*j + 0 + 1/8*j**4 + j**2 - 1/60*j**6 - 1/2*j**3 + 0*j**5. What is h(l)?
-13
Let i be 4/6*180/24. Suppose 8*w = 3*w + 3*d + 50, 2*w + 5*d = 20. Suppose -3*s - 4*u + 0*u = -w, 0 = -5*s + 5*u + i. Let o(z) = 7*z. Determine o(s).
14
Let g(m) = -2*m**2 + 137*m**3 + 126*m**3 - 385*m**3 - 2*m - 8 - 3*m**2 + 124*m**3. Determine g(4).
32
Let q(f) = -2*f - 6